 = -532 - -868. What is the greatest common divisor of 42 and q?
42
Let t(u) = -u**3 + 4*u**2 + 2*u - 2. Let s be t(4). Suppose 0*w + 4*w = -76. Let j = w + 34. Calculate the greatest common factor of s and j.
3
Suppose 7*z - 3*z - 10 = -x, -2*x = 5*z - 17. Let g = -604 + 682. What is the highest common factor of g and x?
6
Let w(q) = -3*q**3 - 82*q**2 - 27*q + 17. Let v be w(-27). Let p = 224 + -37. Calculate the highest common factor of p and v.
17
Let m be (-62)/(-93)*(-2 + 191). What is the highest common divisor of 18 and m?
18
Let a(b) = -b**3 + 6*b**2 - 8*b + 1. Let r be a(3). Let v = 59 - 27. Calculate the highest common divisor of r and v.
4
Let u(y) = y - 1. Let r(l) = 3*l + 1. Let i(v) = r(v) - 2*u(v). Let f be i(-3). Suppose f = -3*x - x + 104. What is the greatest common divisor of 65 and x?
13
Let w = 12 + -10. Suppose w*m + 4*n = m + 9, -2 = -2*n. Let k = 112 - 67. What is the greatest common factor of k and m?
5
Let m be (-20)/3*126/(-15). Let c = 61 + m. Let f be ((-4)/6)/((-6)/c). What is the greatest common factor of 13 and f?
13
Suppose 0 = -t + 8 + 4. Suppose 80*d = 83*d - 9. Suppose -2*v + 14 = n, d*v - 2*n = -v + t. What is the highest common divisor of v and 5?
5
Suppose 6*o = -7*o + 2145. What is the greatest common divisor of o and 135?
15
Let d(l) = l**2 + 9*l - 9. Let t be d(-10). Suppose 6*y - t = 131. What is the highest common divisor of y and 88?
22
Let j(b) = -85*b - 5. Let k be j(1). Let t be 8/1*k/(-40). Calculate the highest common factor of t and 45.
9
Suppose -l + 417 = 4*d, -4*d + 0*l = -3*l - 413. Calculate the greatest common divisor of 65 and d.
13
Suppose -317 - 673 = -18*u. What is the greatest common divisor of u and 44?
11
Let u = 85 - -54. Suppose -b = -15 - u. Calculate the greatest common factor of 14 and b.
14
Suppose 0 = 5*f - 6*f + 2. Let y(a) = a**2 + 5*a + 14. Let v be y(6). Suppose -m = 3*m - v. What is the highest common factor of f and m?
2
Let j be (2 + -51)/(9/6 - 2). Calculate the greatest common divisor of 539 and j.
49
Suppose 3*d = -2*y - 14, -5*d = 3*y - 13 + 36. Let k be 3/y - -3 - -8. Suppose -4*v - 216 = -k*v. What is the highest common divisor of v and 6?
6
Suppose -88 = -6*d - 868. Let b = -53 - d. Suppose z - b + 9 = 0. What is the highest common factor of 17 and z?
17
Let x be (-330)/(-1320) - 5*123/(-4). Let m(g) = 13*g**2 - 2*g - 1. Let h be m(-1). What is the greatest common factor of x and h?
14
Let i = 34 - 29. Let f be 4/22 - (4350/(-55))/i. Calculate the highest common divisor of f and 64.
16
Suppose 75 = -5*x + 5. Let q = x + 18. Suppose -q*w + 102 = -30. Calculate the greatest common factor of 11 and w.
11
Let d be (-3)/(12/(-4)) + 27. Let u = d + -18. What is the highest common divisor of 70 and u?
10
Let m = 1478 - 1363. Suppose -4*j = 4*u - 112, -117 = -6*u + 2*u - 5*j. Calculate the highest common factor of u and m.
23
Let v be (-3 - 14/(-6))/((-2)/(-18)). Let o be v/10 + 1044/15. Calculate the highest common factor of 46 and o.
23
Let l = 9 - -5. Suppose -3*q - l = -4*q. Let d = -85 + 239. What is the highest common factor of q and d?
14
Let w(x) = 6*x - 4*x**2 + 2*x**2 + x**2 - 5. Let v be w(4). Suppose 0 = -v*t + t + 34. What is the highest common factor of t and 17?
17
Let h be (13 - 4)*(-4 + (-13)/(-3)). What is the highest common factor of 6 and h?
3
Let y = 328 + -312. Calculate the greatest common factor of y and 368.
16
Suppose -4*n - 65 = n. Let t = -11 - n. Suppose 3*q - 50 = -0*z - 2*z, -t*z = -5*q - 34. What is the greatest common divisor of 88 and z?
22
Suppose 4*s + 3*t - 99 = 0, 2*s + 3*t - t = 50. Let x = s + -15. Let b be x*4*(5 - 0). What is the highest common divisor of b and 20?
20
Suppose d + 10 = 6*d. Let p be d/12 + (-3349)/(-102). Calculate the highest common divisor of p and 99.
33
Suppose 4*v - 18 - 62 = 0. Suppose -j = 34 - 294. Calculate the highest common factor of j and v.
20
Let p(s) = 2*s - 1. Let d be p(2). Suppose -d*n + n + 32 = 0. Suppose -q + 16 = q. What is the highest common divisor of n and q?
8
Suppose -4*p - 20 = 0, 4*v + 3*p - 5 = -0*v. Suppose -10*s = -v*s - 620. What is the greatest common factor of 31 and s?
31
Suppose 0*p - 4*p = -20. Suppose -h - 8*h = -90. Calculate the greatest common factor of h and p.
5
Suppose -2*p - 5*f - 340 = -6*p, 0 = -2*p - f + 156. Suppose -p = -0*t - 8*t. Calculate the greatest common factor of 50 and t.
10
Suppose 69*b = 53*b + 608. Calculate the greatest common factor of b and 190.
38
Let z = 49 + -48. Let d be 27*(-1)/2*(-7 - z). What is the highest common divisor of d and 12?
12
Suppose 2*i - 5 = -2*p - 1, 5*i = -p - 18. Suppose 33 = 4*k + f + 4*f, 5*f = 5*k + 15. Suppose k*s + 105 = 5*s. What is the greatest common factor of p and s?
7
Let o be (-2*(-9)/6)/(9/24). Let t(q) = q**3 - 13*q**2 + 1. Let w be t(13). Calculate the highest common factor of w and o.
1
Let z = -24 + 24. Suppose z = -4*b - 2*g + 162, 3*g - 39 = -b + 4*g. Calculate the highest common divisor of b and 20.
20
Let t = 56 - 40. Let y = 128 + -112. What is the greatest common divisor of t and y?
16
Let r be 18/(-135) + (-604)/(-30). What is the highest common divisor of 160 and r?
20
Let d be 6*-4*62/(-16). Let m = -37 + d. Suppose -2*p + 6 = -8. Calculate the highest common divisor of m and p.
7
Suppose -2*p + 2*y = -4*p + 1230, -3*y = -3*p + 1863. What is the highest common divisor of p and 6?
6
Let k be (17/6)/(18/108). What is the highest common divisor of 1 and k?
1
Let q(a) be the third derivative of -a**6/120 - a**5/6 - a**4/12 + a**3/2 + 17*a**2. Let k be q(-10). Calculate the greatest common factor of k and 207.
23
Suppose 134*s - 116*s - 1116 = 0. Calculate the highest common divisor of 806 and s.
62
Let n(i) = 22*i**3 - 3*i**2 + 4*i - 14. Let s be n(3). What is the highest common divisor of s and 5?
5
Suppose w - 19 - 37 = 0. What is the greatest common factor of w and 392?
56
Let o = -1796 + 1867. What is the highest common divisor of o and 639?
71
Let z(h) = -h**2 - 9*h - 7. Let q be z(-8). Let x(b) = b + 4*b + q - 2*b**2 + 5*b + b**2. Let j be x(6). Calculate the highest common factor of j and 200.
25
Suppose -j + 329 = 5*w, 4*j - 1241 = 35*w - 40*w. What is the highest common divisor of 16 and j?
16
Suppose 10*q - 59 = 151. Calculate the highest common factor of q and 7.
7
Let f(u) = u**2 - 6*u - 14. Let o be f(8). Suppose 12 - 50 = -t + 3*z, -3*t - o*z = -103. Let y be ((-21)/2)/3*-2. What is the highest common factor of t and y?
7
Let h be 3/((-2)/12 + 1/5). Suppose 0 = 7*k - 12*k + h. What is the greatest common divisor of 54 and k?
18
Suppose -6*h + 2*h + 115 = -5*v, h - 27 = 3*v. Suppose 0*y = -3*y + 90. Let n be y + 0 + 0/(-1). What is the greatest common factor of n and h?
30
Let v(h) = -h**3 + 11*h**2 + 25*h - 60. Let c be v(12). What is the greatest common divisor of 168 and c?
24
Suppose 106 = 4*i - 2*p, 0*i + 33 = 2*i + 3*p. Suppose 2*h - 17 - 3 = 0. Suppose -h + i = 2*f. What is the greatest common divisor of f and 77?
7
Let k be (-4150)/(-20) + (-14)/4. Calculate the highest common divisor of k and 459.
51
Suppose 0 = 5*t + 5*t - 160. Suppose 2*o - 2*g - 32 = 0, o + g - 18 = -2. Calculate the greatest common factor of o and t.
16
Suppose 2*p + 5*x - 28 = x, -5*p = -2*x - 10. Let j = -173 + 174. What is the greatest common divisor of p and j?
1
Suppose 57*p - 240 = 55*p. Let l be p/36*72/15. Calculate the greatest common factor of l and 16.
16
Let h be -8 - 992/(44/(-11)). Calculate the greatest common factor of h and 100.
20
Let j be ((-2)/(-7))/(1/7). Suppose -6 - 2 = -j*t. Suppose 0 = -3*a + t*a - 75. What is the highest common divisor of a and 15?
15
Let p = 0 + 6. Let k(z) = -z**3 + 7*z**2 - 7*z + 6. Let r be k(p). Suppose r*b = 2*b - 36. What is the greatest common divisor of 45 and b?
9
Suppose -331 = -14*w + 1629. What is the highest common divisor of 385 and w?
35
Let m = -189 + 288. Calculate the greatest common factor of 9 and m.
9
Suppose -885 = -3*v + y, -2*v + 2*y + 537 = -53. Calculate the highest common factor of v and 59.
59
Suppose 0 = -60*u + 59*u + 50. What is the highest common divisor of u and 10?
10
Let o(a) = -4*a**2 - 10*a + 35. Let d be o(-4). Calculate the highest common divisor of 1969 and d.
11
Suppose 5*v - 5*b - 5 = 0, -4*v - 3*b = -9 + 40. Let n be 1